{"id":680,"date":"2020-04-27T09:31:13","date_gmt":"2020-04-27T07:31:13","guid":{"rendered":"http:\/\/jesus-reformation.ch\/?page_id=680"},"modified":"2020-04-27T09:31:13","modified_gmt":"2020-04-27T07:31:13","slug":"wer-wir-sind","status":"publish","type":"page","link":"https:\/\/jesus-reformation.com\/?page_id=680","title":{"rendered":"Wer wir sind"},"content":{"rendered":"\n<div class=\"wp-block-columns is-layout-flex wp-container-core-columns-is-layout-9d6595d7 wp-block-columns-is-layout-flex\">\n<div class=\"wp-block-column is-layout-flow wp-block-column-is-layout-flow\"><div class=\"wp-block-image\">\n<figure class=\"aligncenter size-large is-resized\"><img decoding=\"async\" src=\"https:\/\/jesus-reformation.ch\/wp-content\/uploads\/2024\/05\/Mirjam_Lukas_Stolz-1024x1010.jpg\" alt=\"\" class=\"wp-image-1655\" style=\"width:398px;height:auto\"\/><figcaption class=\"wp-element-caption\">Mirjam &amp; Lukas Stolz<\/figcaption><\/figure>\n<\/div>\n\n<div class=\"wp-block-image\">\n<figure class=\"aligncenter size-large is-resized\"><img decoding=\"async\" src=\"https:\/\/jesus-reformation.ch\/wp-content\/uploads\/2024\/01\/IMG_0450-2-1024x819.jpeg\" alt=\"\" class=\"wp-image-1499\" style=\"width:396px;height:auto\"\/><figcaption class=\"wp-element-caption\">Anita &amp; Jo\u00ebl Salvisberg<\/figcaption><\/figure>\n<\/div><\/div>\n\n\n\n<div class=\"wp-block-column is-layout-flow wp-block-column-is-layout-flow\">\n<h5 class=\"wp-block-heading has-medium-font-size\">Eine Bewegung von Jesus-J\u00fcngern<\/h5>\n\n\n\n<p>Wir sind Menschen unterschiedlichen Alters und Geschlechts, mit verschiedener Hautfarbe und (religi\u00f6ser) Herkunft. Wir \u00fcben ganz unterschiedliche Berufe aus und haben verschiedene Hobbys und Vorlieben bez\u00fcglich Essen, Musik und Sport.&nbsp;<\/p>\n\n\n\n<p>Aber etwas eint uns alle: unser Glaube an Jesus Christus! Wir haben die feste \u00dcberzeugung, dass Jesus der Sohn Gottes ist und uns als guter Hirte zum Himmlischen Vater und zum ewigen Leben f\u00fchrt. Diese \u00dcberzeugung war nicht immer da und wurde uns nicht von irgendjemandem indoktriniert. Bei uns allen gab es einen Punkt im Leben, wo wir Jesus auf die eine oder andere Art begegnet sind und in ihm Vergebung und ein neues Leben gefunden haben. Seither brennen wir f\u00fcr Jesus und wollen anderen Menschen von ihm erz\u00e4hlen.&nbsp;<\/p>\n\n\n\n<p>Wir sehen uns als Teil der weltweiten Kirche\/Gemeinde von Jesus, die aus allen Menschen besteht, die an Christus glauben, ihm nachfolgen und von Neuem geboren sind.<\/p>\n\n\n\n<p>Wir werben f\u00fcr keine Kirche, sondern f\u00fcr ein Leben mit Jesus!<\/p>\n\n\n\n<p>Jesus Reformation | Lukas &amp; Mirjam Stolz mit Jo\u00ebl &amp; Anita Salvisberg &amp; Team<\/p>\n<\/div>\n<\/div>\n","protected":false},"excerpt":{"rendered":"<p>Eine Bewegung von Jesus-J\u00fcngern Wir sind Menschen unterschiedlichen Alters und Geschlechts, mit verschiedener Hautfarbe und (religi\u00f6ser) Herkunft. Wir \u00fcben ganz unterschiedliche Berufe aus und haben verschiedene Hobbys und Vorlieben bez\u00fcglich Essen, Musik und Sport.&nbsp; Aber etwas eint uns alle: unser Glaube an Jesus Christus! Wir haben die feste \u00dcberzeugung, dass Jesus der Sohn Gottes ist&#8230;<\/p>\n","protected":false},"author":1,"featured_media":0,"parent":0,"menu_order":0,"comment_status":"closed","ping_status":"closed","template":"","meta":{"_kadence_starter_templates_imported_post":false,"_kad_post_transparent":"","_kad_post_title":"","_kad_post_layout":"","_kad_post_sidebar_id":"","_kad_post_content_style":"","_kad_post_vertical_padding":"","_kad_post_feature":"","_kad_post_feature_position":"","_kad_post_header":false,"_kad_post_footer":false,"_kad_post_classname":"","footnotes":""},"class_list":["post-680","page","type-page","status-publish","hentry"],"jetpack_sharing_enabled":true,"_links":{"self":[{"href":"https:\/\/jesus-reformation.com\/index.php?rest_route=\/wp\/v2\/pages\/680","targetHints":{"allow":["GET"]}}],"collection":[{"href":"https:\/\/jesus-reformation.com\/index.php?rest_route=\/wp\/v2\/pages"}],"about":[{"href":"https:\/\/jesus-reformation.com\/index.php?rest_route=\/wp\/v2\/types\/page"}],"author":[{"embeddable":true,"href":"https:\/\/jesus-reformation.com\/index.php?rest_route=\/wp\/v2\/users\/1"}],"replies":[{"embeddable":true,"href":"https:\/\/jesus-reformation.com\/index.php?rest_route=%2Fwp%2Fv2%2Fcomments&post=680"}],"version-history":[{"count":0,"href":"https:\/\/jesus-reformation.com\/index.php?rest_route=\/wp\/v2\/pages\/680\/revisions"}],"wp:attachment":[{"href":"https:\/\/jesus-reformation.com\/index.php?rest_route=%2Fwp%2Fv2%2Fmedia&parent=680"}],"curies":[{"name":"wp","href":"https:\/\/api.w.org\/{rel}","templated":true}]}}